{"id":150,"date":"2017-11-30T18:50:13","date_gmt":"2017-11-30T18:50:13","guid":{"rendered":"https:\/\/library.ryerson.ca\/collab\/?page_id=150"},"modified":"2026-01-16T20:24:31","modified_gmt":"2026-01-16T20:24:31","slug":"technologyresources","status":"publish","type":"page","link":"https:\/\/library.torontomu.ca\/collab\/technologyresources\/","title":{"rendered":"Technology Resources"},"content":{"rendered":"\n<h2 class=\"wp-block-heading\"><strong>Technology Resources<\/strong><\/h2>\n\n\n\n<div class=\"wp-block-buttons is-layout-flex wp-block-buttons-is-layout-flex\">\n<div class=\"wp-block-button\"><a class=\"wp-block-button__link wp-element-button\" href=\"https:\/\/calendar.library.torontomu.ca\/equipment?lid=3026\">Click here to book a technology resource<\/a><\/div>\n<\/div>\n\n\n\n<p><span style=\"text-decoration: underline\">PLEASE NOTE<\/span><br><strong>Technology Resource bookings are for members of the Library Collaboratory only.<\/strong> <br><strong>Bookings made by non-members will not be honoured.<\/strong><br>To learn more about membership, <a href=\"https:\/\/library.torontomu.ca\/collab\/become-a-member\/\" data-type=\"link\" data-id=\"https:\/\/library.torontomu.ca\/collab\/become-a-member\/\">click here<\/a>.<\/p>\n\n\n\n<h3 class=\"wp-block-heading\"><strong>Digital Technology\/IOT<\/strong><\/h3>\n\n\n\n<p><b>Unmanned Aerial Vehicles\/Drones<\/b><\/p>\n\n\n\n<ul class=\"wp-block-list\">\n<li>DJI M300 RTK &#8211; L1 LiDAR sensor package with full RTK base station (complete package for LiDAR data collection)<\/li>\n\n\n\n<li>DJI Matric 600 &#8211; Heavy Lift (payload capacity 5.5 kg)<\/li>\n\n\n\n<li>DJI Mini 3 Pro (249g)<\/li>\n\n\n\n<li>DJI Avata with Goggle 2 (FPV drone for dynamic cinematography)<\/li>\n\n\n\n<li>DJI Mavic Pro<\/li>\n<\/ul>\n\n\n\n<p><b>Drone2Map Photogrammetry Software<\/b><\/p>\n\n\n\n<ul class=\"wp-block-list\">\n<li>Uses industry leader Pix4D as the back engine<\/li>\n\n\n\n<li>Accurate 3D maps and models, purely from images<\/li>\n\n\n\n<li><span style=\"font-weight: 400\">Works with RGB, drone, multispectral, thermal, fisheye, 306 camera, images, and videos<\/span><\/li>\n\n\n\n<li>Output: full-colour point cloud, orthomosaic, digital surface modmel, 3d textrured mesh, index map, thermal maps<\/li>\n<\/ul>\n\n\n\n<p><b>High Performance Computing Desktop Computer (General Purpose)<\/b><\/p>\n\n\n\n<p><strong>Guide<\/strong>: <a href=\"https:\/\/library.torontomu.ca\/collab\/files\/High-Performance-Computer-Usage-Procedure.pdf\">Getting Started with the High Performance Computer (PDF)<\/a><\/p>\n\n\n\n<ul class=\"wp-block-list\">\n<li>Computer Name: Collab-PopXL<\/li>\n\n\n\n<li><span style=\"font-weight: 400\">Intel Core i9 &#8211; 13900K<\/span><\/li>\n\n\n\n<li><span style=\"font-weight: 400\">64GB Ram<\/span><\/li>\n\n\n\n<li><span style=\"font-weight: 400\">NVIDIA RTX 4090 Graphics Card<\/span><\/li>\n\n\n\n<li>2TB NVME SSD<\/li>\n<\/ul>\n\n\n\n<p><b>360 Video Cameras:<br><\/b><\/p>\n\n\n\n<p><a href=\"https:\/\/www.insta360.com\/product\/insta360-x4\"><span style=\"font-weight: 400\">Insta360 X4 360 Camera:<\/span><\/a><\/p>\n\n\n\n<ul class=\"wp-block-list\">\n<li><span style=\"font-weight: 400\">Video Resolution: 8K: 7680&#215;3840@30\/25\/24fps<\/span><\/li>\n\n\n\n<li><span style=\"font-weight: 400\">Photo Resolution: 72MP (11904&#215;5952)<\/span><\/li>\n\n\n\n<li>HDR Photo<\/li>\n\n\n\n<li><span class=\"a-list-item\">FlowState Stabilization &amp; 360 Horizon Lock: 6-axis stabilization and horizon leveling algorithms come together to deliver incredibly smooth videos.<\/span><\/li>\n<\/ul>\n\n\n\n<p><b>Industrial 3D Scanner<\/b><\/p>\n\n\n\n<p><a href=\"https:\/\/www.artec3d.com\/portable-3d-scanners\/artec-spider\">Artec Spider Scanner<\/a><\/p>\n\n\n\n<ul class=\"wp-block-list\">\n<li>3D resolution, up to 0.1mm<\/li>\n\n\n\n<li><span style=\"font-weight: 400\">3D point accuracy, up to 0.05mm<\/span><\/li>\n\n\n\n<li>Texture resolution 1.3MP<\/li>\n\n\n\n<li>Light source blue LED<\/li>\n\n\n\n<li>Software: Artec Studio 16<\/li>\n<\/ul>\n\n\n\n<p><a href=\"https:\/\/www.artec3d.com\/portable-3d-scanners\/artec-eva\">Artec Eva Scanner<\/a><\/p>\n\n\n\n<ul class=\"wp-block-list\">\n<li>3D resolution, up to 0.1mm<\/li>\n\n\n\n<li><span style=\"font-weight: 400\">3D point accuracy, 0.1 mm + 0.3 mm\/m<\/span><\/li>\n\n\n\n<li>Texture resolution 1.3MP<\/li>\n\n\n\n<li>Light source Flashbulb<\/li>\n\n\n\n<li>Software: Artec Studio 16<\/li>\n<\/ul>\n\n\n\n<p><b>AR\/VR\/MR Technology:<\/b><\/p>\n\n\n\n<p><a href=\"https:\/\/www.tiltfive.com\/\">Tilt Five<\/a> &#8211; Desktop Holographic Display System<\/p>\n\n\n\n<ul class=\"wp-block-list\">\n<li>AR glasses with a patented110-degree field-of-view optical system<\/li>\n\n\n\n<li>Glasses weigh just under ~100g (~3.5 ounces)<\/li>\n\n\n\n<li>A six-degrees-of-freedom wand controller that enables players to reach into and physically control and interact with the environments and characters<\/li>\n\n\n\n<li>An embedded camera system that tracks physical objects like game pieces and hands and seamlessly blends them with virtual ones<\/li>\n\n\n\n<li>Stereo speakers and microphone so players can immerse themselves in solo experiences or converse with their friends while playing together remotely<\/li>\n<\/ul>\n\n\n\n<p><a href=\"https:\/\/www.meta.com\/ca\/quest\/products\/quest-2\/\">Oculus Quest 2<\/a>:<\/p>\n\n\n\n<ul class=\"wp-block-list\">\n<li>All-in-one VR gaming system without cables or a PC<\/li>\n\n\n\n<li><span style=\"font-weight: 400\">Resolution: 1832 x 1920 Resolution Per Eye<\/span><\/li>\n\n\n\n<li>256GB Storage Capacity<\/li>\n\n\n\n<li>Qualcomm Snapdragon XR2 Platform<\/li>\n<\/ul>\n\n\n\n<p><a href=\"https:\/\/lookingglassfactory.com\/product\/8-9\">Looking Glass Holographic Display&nbsp; 8.9&#8243; Development Kit<\/a><\/p>\n\n\n\n<ul class=\"wp-block-list\">\n<li>Updates 3D scenes at up to 60 frames per second<\/li>\n\n\n\n<li>Easy plug and play with USB and HDMI cables<\/li>\n<\/ul>\n\n\n\n<p><b>IOT Enabled Network (available 2019 &#8211; Pilot project)<\/b><\/p>\n\n\n\n<ul class=\"wp-block-list\">\n<li><span style=\"font-weight: 400\">Up to 250 devices<\/span><\/li>\n\n\n\n<li><span style=\"font-weight: 400\">Local net with internet access (no dual authentication)<\/span><\/li>\n<\/ul>\n\n\n\n<hr class=\"wp-block-separator has-alpha-channel-opacity\" \/>\n\n\n\n<h3 class=\"wp-block-heading\"><strong>Fabrication\/Machining Equipment<\/strong><\/h3>\n\n\n\n<p><b>3D Printers and Print Finishing Machines<\/b><strong> | Guides<\/strong>: <a href=\"https:\/\/library.torontomu.ca\/collab\/files\/Getting-Started-with-Filament-Based-Printing.pdf\">Getting Started with Filament-Based Printing (PDF)<\/a> <strong>| <\/strong><a href=\"https:\/\/library.torontomu.ca\/collab\/files\/Filament-3D-Printing-House-Rules.pdf\">Filament 3D Printing House Rules (PDF)<\/a><\/p>\n\n\n\n<p><a href=\"https:\/\/ca.store.bambulab.com\/products\/x1-carbon-combo\">Bambu Lab X1-Carbon with AMS<\/a><\/p>\n\n\n\n<ul class=\"wp-block-list\">\n<li>3 printers<\/li>\n\n\n\n<li><span style=\"font-weight: 400\">Multi Color &amp; Multi Material Capability<\/span><\/li>\n\n\n\n<li><span style=\"font-weight: 400\">High quality printing with 7 \u03bcm Lidar Resolution<\/span><\/li>\n\n\n\n<li><span style=\"font-weight: 400\">Upgradeable and customizable flexibility<\/span><\/li>\n\n\n\n<li><span style=\"font-weight: 400\">High speed Core XY with 20000 mm\/s\u00b2 Acceleration<\/span><\/li>\n\n\n\n<li><span style=\"font-weight: 400\">Dual Auto Bed Leveling<\/span><\/li>\n\n\n\n<li>Core XY with 20000 mm\/s\u00b2 acceleration<\/li>\n\n\n\n<li>Spaghetti failure detection<\/li>\n\n\n\n<li>AI inspected first layer<\/li>\n<\/ul>\n\n\n\n<p><a href=\"https:\/\/formlabs.com\/3d-printers\/form-2\/tech-specs\/\"><span style=\"font-weight: 400\">Form 2<\/span><\/a>:<\/p>\n\n\n\n<ul class=\"wp-block-list\">\n<li>1 printer<\/li>\n\n\n\n<li><span style=\"font-weight: 400\">Build Volume: 145 \u00d7 145 \u00d7 175 mm (5.7 \u00d7 5.7 \u00d7 6.9 in)<\/span><\/li>\n\n\n\n<li><span style=\"font-weight: 400\">Wash and Curing station set up <\/span><\/li>\n\n\n\n<li><span style=\"font-weight: 400\">Connected to computer with PreForm software<\/span><\/li>\n\n\n\n<li><a href=\"https:\/\/formlabs.com\/media\/upload\/XL-DataSheet.pdf\"><span style=\"font-weight: 400\">Clear, Gray, White, Black, Durable, Flexible, Rigid, Tough Resins available<\/span><\/a><\/li>\n<\/ul>\n\n\n\n<p><a href=\"https:\/\/formlabs.com\/3d-printers\/form-3l\/\"><span style=\"font-weight: 400\">Form 3L<\/span><\/a>:<\/p>\n\n\n\n<ul class=\"wp-block-list\">\n<li>1 printer<\/li>\n\n\n\n<li><span style=\"font-weight: 400\">Build Volume: 335 \u00d7 200 \u00d7 300 mm (13.2 \u00d7 7.9 \u00d7 11.8&nbsp; in)<\/span><\/li>\n\n\n\n<li><span style=\"font-weight: 400\">Wash and Curing station set up <\/span><\/li>\n\n\n\n<li><span style=\"font-weight: 400\">Connected to computer with PreForm software<\/span><\/li>\n\n\n\n<li><a href=\"https:\/\/formlabs.com\/media\/upload\/XL-DataSheet.pdf\"><span style=\"font-weight: 400\">Clear, Gray, White, Black, Durable, Flexible, Rigid, Tough Resins available<\/span><\/a><\/li>\n<\/ul>\n\n\n\n<p><b>90w Laser Cutter<br><a href=\"https:\/\/fslaser.com\/Product\/Pro2416\">PS-24 Pro-Series Laser System<\/a><\/b><\/p>\n\n\n\n<ul class=\"wp-block-list\">\n<li><span style=\"font-weight: 400\">24&#8243; x 16&#8243;<\/span><\/li>\n\n\n\n<li><span style=\"font-weight: 400\">Connected to PC with pre-loaded software + Illustrator<\/span><\/li>\n\n\n\n<li><span style=\"font-weight: 400\">All materials must be pre-approved by Collaboratory staff<\/span><\/li>\n<\/ul>\n\n\n\n<p><b>Digital Embroidery Machine<br><\/b><a href=\"https:\/\/www.janome.com\/machines\/embroidery\/mb-4s\/\"><span style=\"font-weight: 400\">Janome MB-4S<\/span><\/a><\/p>\n\n\n\n<ul class=\"wp-block-list\">\n<li><span style=\"font-weight: 400\">Up to 4 colour stitching<\/span><\/li>\n\n\n\n<li><span style=\"font-weight: 400\">Largest hoop: 9.46\u201d x 7.88\u201d <\/span><\/li>\n<\/ul>\n\n\n\n<p><b>CNC Router<br><\/b><a href=\"http:\/\/carbide3d.com\/nomad\/\"><span style=\"font-weight: 400\">Carbide Nomad 883 Pro<\/span><\/a><\/p>\n\n\n\n<ul class=\"wp-block-list\">\n<li><span style=\"font-weight: 400\">Cutting Area: 8\u201d (X and Y), 3\u201d (Z)<\/span><\/li>\n\n\n\n<li><span style=\"font-weight: 400\">Spindle Speed: 2000-10,000 RPM<\/span><\/li>\n\n\n\n<li><span style=\"font-weight: 400\">Spindle Power: 50 Watts<\/span><\/li>\n\n\n\n<li><span style=\"font-weight: 400\">Resolution up to .0005\u201d<\/span><\/li>\n\n\n\n<li><span style=\"font-weight: 400\">Can mill: wood, plastic, soft metals<\/span><\/li>\n<\/ul>\n\n\n\n<hr class=\"wp-block-separator has-alpha-channel-opacity\" \/>\n\n\n\n<h3 class=\"wp-block-heading\"><b>Other Equipment<\/b><\/h3>\n\n\n\n<ul class=\"wp-block-list\">\n<li><span style=\"font-weight: 400\">Full workbench of hand and electric tools<\/span><\/li>\n\n\n\n<li><span style=\"font-weight: 400\">Vacuum Forming Machine<\/span><\/li>\n\n\n\n<li><span style=\"font-weight: 400\">Soldering tools:<\/span>\n<ul class=\"wp-block-list\">\n<li><span style=\"font-weight: 400\">Soldering Stations<\/span><\/li>\n\n\n\n<li>Hot air rework station<\/li>\n\n\n\n<li>Hotplate<\/li>\n<\/ul>\n<\/li>\n\n\n\n<li>Electronics testing\/inspection equipment:\n<ul class=\"wp-block-list\">\n<li>Bench DC Power supply<\/li>\n\n\n\n<li>Oscilloscope<\/li>\n\n\n\n<li>Multimeter<\/li>\n\n\n\n<li>Digital microscope<\/li>\n<\/ul>\n<\/li>\n<\/ul>\n\n\n\n<hr class=\"wp-block-separator has-alpha-channel-opacity\" \/>\n\n\n\n<h4 class=\"wp-block-heading\"><strong><em>Need to learn how to use these resources?<br>Me<\/em><\/strong><em><strong>mbe<\/strong>rs of the Library Collaboratory can <a href=\"https:\/\/library.torontomu.ca\/collab\/staff\/\" data-type=\"page\" data-id=\"865\">book time with staff<\/a>.<\/em><\/h4>\n\n\n\n<p><\/p>\n","protected":false},"excerpt":{"rendered":"<p>Technology Resources PLEASE NOTETechnology Resource bookings are for members of the Library Collaboratory only. Bookings made by non-members will not be honoured.To learn more about membership, click here. Digital Technology\/IOT Unmanned Aerial Vehicles\/Drones Drone2Map Photogrammetry Software High Performance Computing Desktop &hellip; <a href=\"https:\/\/library.torontomu.ca\/collab\/technologyresources\/\">Continue reading <span class=\"meta-nav\">&rarr;<\/span><\/a><\/p>\n","protected":false},"author":103,"featured_media":0,"parent":0,"menu_order":34,"comment_status":"closed","ping_status":"closed","template":"templates\/nosidebarnarrow.php","meta":{"_acf_changed":false,"footnotes":""},"class_list":["post-150","page","type-page","status-publish","hentry"],"acf":[],"_links":{"self":[{"href":"https:\/\/library.torontomu.ca\/collab\/wp-json\/wp\/v2\/pages\/150","targetHints":{"allow":["GET"]}}],"collection":[{"href":"https:\/\/library.torontomu.ca\/collab\/wp-json\/wp\/v2\/pages"}],"about":[{"href":"https:\/\/library.torontomu.ca\/collab\/wp-json\/wp\/v2\/types\/page"}],"author":[{"embeddable":true,"href":"https:\/\/library.torontomu.ca\/collab\/wp-json\/wp\/v2\/users\/103"}],"replies":[{"embeddable":true,"href":"https:\/\/library.torontomu.ca\/collab\/wp-json\/wp\/v2\/comments?post=150"}],"version-history":[{"count":9,"href":"https:\/\/library.torontomu.ca\/collab\/wp-json\/wp\/v2\/pages\/150\/revisions"}],"predecessor-version":[{"id":1903,"href":"https:\/\/library.torontomu.ca\/collab\/wp-json\/wp\/v2\/pages\/150\/revisions\/1903"}],"wp:attachment":[{"href":"https:\/\/library.torontomu.ca\/collab\/wp-json\/wp\/v2\/media?parent=150"}],"curies":[{"name":"wp","href":"https:\/\/api.w.org\/{rel}","templated":true}]}}