{"id":548,"date":"2012-06-15T19:35:06","date_gmt":"2012-06-15T19:35:06","guid":{"rendered":"http:\/\/library.ryerson.ca\/asianheritage\/authors\/aki-shimazaki\/"},"modified":"2024-08-12T13:07:11","modified_gmt":"2024-08-12T17:07:11","slug":"shimazaki","status":"publish","type":"page","link":"https:\/\/library.torontomu.ca\/asianheritage\/authors\/shimazaki\/","title":{"rendered":"Aki Shimazaki"},"content":{"rendered":"\n<div class=\"wp-block-columns is-layout-flex wp-container-core-columns-is-layout-9d6595d7 wp-block-columns-is-layout-flex\">\n<div class=\"wp-block-column is-layout-flow wp-block-column-is-layout-flow\" style=\"flex-basis:33.33%\"><\/div>\n\n\n\n<div class=\"wp-block-column is-layout-flow wp-block-column-is-layout-flow\" style=\"flex-basis:66.66%\">\n<p>Aki Shimazaki was born in Japan. She moved to Canada in 1981 and lived in Vancouver and Toronto before settling, in 1991, in Montreal where she taught Japanese and worked as a translator. She has written many novels in French, but only one has been translated into English at this time. She was awarded the 2023 <a href=\"https:\/\/canadacouncil.ca\/funding\/prizes\/canada-japan-literary-awards\">Canada-Japan Literary Award<\/a> for her novel <em>Suzuran<\/em>.<\/p>\n<\/div>\n<\/div>\n\n\n\n<div class=\"wp-block-columns is-layout-flex wp-container-core-columns-is-layout-9d6595d7 wp-block-columns-is-layout-flex\">\n<div class=\"wp-block-column is-layout-flow wp-block-column-is-layout-flow\" style=\"flex-basis:33.33%\"><div class=\"wp-block-image\">\n<figure class=\"aligncenter size-full\"><img decoding=\"async\" width=\"99\" height=\"154\" data-src=\"https:\/\/library.torontomu.ca\/asianheritage\/files\/2012\/06\/tsubaki.jpg\" alt=\"&quot;&quot;\" class=\"wp-image-1583 lazyload\" data-srcset=\"https:\/\/library.torontomu.ca\/asianheritage\/files\/2012\/06\/tsubaki.jpg 99w, https:\/\/library.torontomu.ca\/asianheritage\/files\/2012\/06\/tsubaki-96x150.jpg 96w\" data-sizes=\"(max-width: 99px) 100vw, 99px\" src=\"data:image\/svg+xml;base64,PHN2ZyB3aWR0aD0iMSIgaGVpZ2h0PSIxIiB4bWxucz0iaHR0cDovL3d3dy53My5vcmcvMjAwMC9zdmciPjwvc3ZnPg==\" style=\"--smush-placeholder-width: 99px; --smush-placeholder-aspect-ratio: 99\/154;\" \/><\/figure>\n<\/div><\/div>\n\n\n\n<div class=\"wp-block-column is-layout-flow wp-block-column-is-layout-flow\" style=\"flex-basis:66.66%\">\n<h2 class=\"wp-block-heading\">Fiction<\/h2>\n\n\n\n<h2 class=\"wp-block-heading\">Tsubaki<\/h2>\n\n\n\n<p>Translated by Fred A. Reed.<br>Burnaby, B.C.: Talonbooks, 2000.<br><a href=\"https:\/\/torontomu.primo.exlibrisgroup.com\/discovery\/fulldisplay?vid=01OCUL_TMU:01OCUL_TMU&#038;docid=alma991008217119708636\">PS8587 .H478 T7813 2000<\/a><\/p>\n\n\n\n<h4 class=\"wp-block-heading\">Publisher&#8217;s Synopsis<\/h4>\n\n\n\n<p><em>Tsubaki<\/em> (&#8220;Camellia&#8221; in Japanese) tells a story of betrayal and vengeance set against the nuclear blast that destroyed Nagasaki on August 9, 1945. The image of the camellia, the red flower that stands out against its dark green leaves, runs through Aki Shimazaki&#8217;s stark, finely-wrought novel. Spare, almost laconic in its imagery, oblique in its gaze, <em>Tsubaki<\/em> draws its power from the delicacy of understatement.<\/p>\n<\/div>\n<\/div>\n\n\n\n<div class=\"wp-block-columns is-layout-flex wp-container-core-columns-is-layout-9d6595d7 wp-block-columns-is-layout-flex\">\n<div class=\"wp-block-column is-layout-flow wp-block-column-is-layout-flow\" style=\"flex-basis:33.33%\"><\/div>\n\n\n\n<div class=\"wp-block-column is-layout-flow wp-block-column-is-layout-flow\" style=\"flex-basis:66.66%\">\n<h2 class=\"wp-block-heading\">French Language Publications<\/h2>\n\n\n\n<p>Azami<br>Montr\u00e9al: L\u00e9m\u00e9ac\/Actes Sud, 2014.<br><a href=\"https:\/\/torontomu.primo.exlibrisgroup.com\/discovery\/fulldisplay?vid=01OCUL_TMU:01OCUL_TMU&#038;docid=alma991006245849708636\">PS9587 .H478 A93 2014<\/a><\/p>\n\n\n\n<p>Hamaguri<br>Montr\u00e9al: L\u00e9m\u00e9ac\/Actes Sud, 2000.<br><a href=\"https:\/\/torontomu.primo.exlibrisgroup.com\/discovery\/fulldisplay?vid=01OCUL_TMU:01OCUL_TMU&#038;docid=alma991006719209708636\">PS9587.H478 H36 2015<\/a><\/p>\n\n\n\n<p>Hotaru<br>Montr\u00e9al: L\u00e9m\u00e9ac\/Actes Sud, 2004.<br><a href=\"https:\/\/torontomu.primo.exlibrisgroup.com\/discovery\/fulldisplay?vid=01OCUL_TMU:01OCUL_TMU&#038;docid=alma991006719359708636\">PS9587.H478 H68 2015<\/a><br>2005 <a href=\"http:\/\/ggbooks.ca\/home\">Governor General&#8217;s Literary Award&#8211;Fiction&#8211;French<\/a> (Winner)<\/p>\n\n\n\n<p>H\u00f4zuki<br>Montr\u00e9al: L\u00e9m\u00e9ac\/Actes Sud, 2015.<br><a href=\"https:\/\/torontomu.primo.exlibrisgroup.com\/discovery\/fulldisplay?vid=01OCUL_TMU:01OCUL_TMU&#038;docid=alma991007176239708636\">PS9587.H478 H69 2015<\/a><\/p>\n\n\n\n<p>Maimai<br>Montr\u00e9al: Actes Sud, 2019.<\/p>\n\n\n\n<p>Mitsuba<br>Montr\u00e9al: L\u00e9m\u00e9ac\/Actes Sud, 2006.<br><a href=\"https:\/\/torontomu.primo.exlibrisgroup.com\/discovery\/fulldisplay?vid=01OCUL_TMU:01OCUL_TMU&#038;docid=alma991005378219708636\">PS9587 .H478 M57 2006<\/a><\/p>\n\n\n\n<p>Suisen<br>Montr\u00e9al: L\u00e9m\u00e9ac, 2017.<\/p>\n\n\n\n<p>Suzuran<br>Montr\u00e9al: Actes Sud, 2020.<\/p>\n\n\n\n<p>Tonbo<br>Montr\u00e9al: L\u00e9m\u00e9ac\/Actes Sud, 2010.<br><a href=\"https:\/\/torontomu.primo.exlibrisgroup.com\/discovery\/fulldisplay?vid=01OCUL_TMU:01OCUL_TMU&#038;docid=alma991003101359708636\">PS9587 .S55 2010<\/a><\/p>\n\n\n\n<p>Tsubaki<br>Montr\u00e9al: L\u00e9m\u00e9ac\/Actes Sud, 1999.<\/p>\n\n\n\n<p>Tsubame<br>Montr\u00e9al: L\u00e9m\u00e9ac\/Actes Sud, 2001.<br><a href=\"https:\/\/torontomu.primo.exlibrisgroup.com\/discovery\/fulldisplay?vid=01OCUL_TMU:01OCUL_TMU&#038;docid=alma991009338909708636\">PS9587 .H478 T79 2001<\/a><\/p>\n\n\n\n<p>Tsukushi<br>Montr\u00e9al: L\u00e9m\u00e9ac\/Actes Sud, 2012.<\/p>\n\n\n\n<p>Wasurenagusa<br>Montr\u00e9al: L\u00e9m\u00e9ac\/Actes Sud, 2002.<br><a href=\"https:\/\/torontomu.primo.exlibrisgroup.com\/discovery\/fulldisplay?vid=01OCUL_TMU:01OCUL_TMU&#038;docid=alma991006719299708636\">PS9587.H478 W37 2015<\/a><\/p>\n\n\n\n<p>Yamabuki<br>Montr\u00e9al: L\u00e9m\u00e9ac\/Actes Sud, 2013.<\/p>\n\n\n\n<p>Zakura<br>Montr\u00e9al: L\u00e9m\u00e9ac, 2016.<\/p>\n<\/div>\n<\/div>\n\n\n\n<div class=\"wp-block-columns is-layout-flex wp-container-core-columns-is-layout-9d6595d7 wp-block-columns-is-layout-flex\">\n<div class=\"wp-block-column is-layout-flow wp-block-column-is-layout-flow\" style=\"flex-basis:33.33%\"><\/div>\n\n\n\n<div class=\"wp-block-column is-layout-flow wp-block-column-is-layout-flow\" style=\"flex-basis:66.66%\">\n<h2 class=\"wp-block-heading\">Links<\/h2>\n\n\n\n<p>Profile and French language reviews from <a href=\"http:\/\/www.ratsdebiblio.net\/shimazakiaki.html\">Le club des rats de biblio-net<\/a><\/p>\n\n\n\n<p>Publisher <a href=\"http:\/\/talonbooks.com\/authors\/aki-shimizaki\">Talonbooks<\/a><\/p>\n\n\n\n<p>Editions <a href=\"http:\/\/www.actes-sud.fr\">Actes Sud<\/a><\/p>\n<\/div>\n<\/div>\n","protected":false},"excerpt":{"rendered":"<p>Aki Shimazaki was born in Japan. She moved to Canada in 1981 and lived in Vancouver and Toronto before settling, in 1991, in Montreal where she taught Japanese and worked as a translator. She has written many novels in French, &hellip; <a href=\"https:\/\/library.torontomu.ca\/asianheritage\/authors\/shimazaki\/\">Continue reading <span class=\"meta-nav\">&rarr;<\/span><\/a><\/p>\n","protected":false},"author":3,"featured_media":0,"parent":16,"menu_order":0,"comment_status":"closed","ping_status":"closed","template":"","meta":{"_acf_changed":false,"footnotes":""},"class_list":["post-548","page","type-page","status-publish","hentry"],"acf":[],"_links":{"self":[{"href":"https:\/\/library.torontomu.ca\/asianheritage\/wp-json\/wp\/v2\/pages\/548","targetHints":{"allow":["GET"]}}],"collection":[{"href":"https:\/\/library.torontomu.ca\/asianheritage\/wp-json\/wp\/v2\/pages"}],"about":[{"href":"https:\/\/library.torontomu.ca\/asianheritage\/wp-json\/wp\/v2\/types\/page"}],"author":[{"embeddable":true,"href":"https:\/\/library.torontomu.ca\/asianheritage\/wp-json\/wp\/v2\/users\/3"}],"replies":[{"embeddable":true,"href":"https:\/\/library.torontomu.ca\/asianheritage\/wp-json\/wp\/v2\/comments?post=548"}],"version-history":[{"count":10,"href":"https:\/\/library.torontomu.ca\/asianheritage\/wp-json\/wp\/v2\/pages\/548\/revisions"}],"predecessor-version":[{"id":18833,"href":"https:\/\/library.torontomu.ca\/asianheritage\/wp-json\/wp\/v2\/pages\/548\/revisions\/18833"}],"up":[{"embeddable":true,"href":"https:\/\/library.torontomu.ca\/asianheritage\/wp-json\/wp\/v2\/pages\/16"}],"wp:attachment":[{"href":"https:\/\/library.torontomu.ca\/asianheritage\/wp-json\/wp\/v2\/media?parent=548"}],"curies":[{"name":"wp","href":"https:\/\/api.w.org\/{rel}","templated":true}]}}