{"id":473,"date":"2012-06-15T19:34:59","date_gmt":"2012-06-15T19:34:59","guid":{"rendered":"http:\/\/library.ryerson.ca\/asianheritage\/authors\/days-lee\/"},"modified":"2024-08-12T12:32:02","modified_gmt":"2024-08-12T16:32:02","slug":"lee_day","status":"publish","type":"page","link":"https:\/\/library.torontomu.ca\/asianheritage\/authors\/lee_day\/","title":{"rendered":"Day&#8217;s Lee"},"content":{"rendered":"<section class=\"bottomborder\">\n<div class=\"narrow\"><\/div>\n<div class=\"wide\">\n<p>Montreal native, Day&#8217;s Lee, helped out for many years at her family&#8217;s Chinese-Canadian restaurant. She is a freelance journalist and a graduate of Concordia University where she earned a BA in journalism and English literature. Her fictional works have appeared in several anthologies and literary magazines. She is working on a screenplay.<\/p>\n<\/div>\n<\/section>\n<section class=\"bottomborder\">\n<div class=\"narrow\"><img decoding=\"async\" class=\"aligncenter lazyload\" data-src=\"https:\/\/library.torontomu.ca\/asianheritage\/files\/2012\/06\/fragrant.jpg\" alt=\"\" width=\"176\" height=\"156\" src=\"data:image\/svg+xml;base64,PHN2ZyB3aWR0aD0iMSIgaGVpZ2h0PSIxIiB4bWxucz0iaHR0cDovL3d3dy53My5vcmcvMjAwMC9zdmciPjwvc3ZnPg==\" style=\"--smush-placeholder-width: 176px; --smush-placeholder-aspect-ratio: 176\/156;\" \/><\/div>\n<div class=\"wide\">\n<h3>Fiction (Juvenile, Picture book)<\/h3>\n<h3>The Fragrant Garden<\/h3>\n<p>Illustrations by Jos\u00e9e Bellemare.<br \/>\nToronto: Napoleon Publishing, 2005.<\/p>\n<h4>Publisher&#8217;s Synopsis<\/h4>\n<p>Jade is a curious nine-year-old who likes to help out at her family&#8217;s Chinese restaurant, the Fragrant Garden, after school. Though she is often allowed to help set tables or clean up, she longs to be part of the more exciting tasks such as helping in the kitchen or using the cash register.<br \/>\nHow can Jade convince her father that she is ready for more responsibility?<\/p>\n<\/div>\n<\/section>\n<section class=\"bottomborder\">\n<div class=\"narrow\"><a href=\"https:\/\/library.torontomu.ca\/asianheritage\/files\/2012\/06\/Guitar-Hero-book-cover.jpg\"><img decoding=\"async\" class=\"aligncenter size-full wp-image-5045 lazyload\" data-src=\"https:\/\/library.torontomu.ca\/asianheritage\/files\/2012\/06\/Guitar-Hero-book-cover.jpg\" alt=\"Guitar Hero book cover\" width=\"160\" height=\"160\" data-srcset=\"https:\/\/library.torontomu.ca\/asianheritage\/files\/2012\/06\/Guitar-Hero-book-cover.jpg 160w, https:\/\/library.torontomu.ca\/asianheritage\/files\/2012\/06\/Guitar-Hero-book-cover-150x150.jpg 150w\" data-sizes=\"(max-width: 160px) 100vw, 160px\" src=\"data:image\/svg+xml;base64,PHN2ZyB3aWR0aD0iMSIgaGVpZ2h0PSIxIiB4bWxucz0iaHR0cDovL3d3dy53My5vcmcvMjAwMC9zdmciPjwvc3ZnPg==\" style=\"--smush-placeholder-width: 160px; --smush-placeholder-aspect-ratio: 160\/160;\" \/><\/a><\/div>\n<div class=\"wide\">\n<h3>Fiction (Young adult)<\/h3>\n<h3>Guitar Hero<\/h3>\n<p>N.p.: Createspace, 2013.<\/p>\n<h4>Synopsis (from author&#8217;s website)<\/h4>\n<p><span style=\"font-weight: normal;font-size: 14px\"><span style=\"font-size: 12pt\"><span style=\"font-size: 12px\"><span style=\"font-size: 14px\">Sometimes you have to lose it all to discover what you really have. Life can\u2019t get any worse for sixteen-year-old David Chang. He lost his job, is on the verge of being kicked out of his best friend\u2019s band, and Christine thinks he lied to avoid going to the prom with her. How can one little mistake totally ruin a guy\u2019s life? One is all it takes to make David face the music and learn what it really means to be a guitar hero.<\/span><\/span><\/span><\/span><\/p>\n<\/div>\n<\/section>\n<section class=\"bottomborder\">\n<div class=\"narrow\"><\/div>\n<div class=\"wide\">\n<h3>Anthology (Short story)<\/h3>\n<h3>Telling Stories: New English Stories From Qu\u00e9bec<\/h3>\n<p><a href=\"https:\/\/torontomu.primo.exlibrisgroup.com\/discovery\/fulldisplay?vid=01OCUL_TMU:01OCUL_TMU&#038;docid=alma991010635139708636\">PS8329.5 .Q4 T45 2002<\/a><\/p>\n<p>Lee, Days&#8217;.\u00a0 &#8220;Warrior Women.&#8221; In <em>Telling Stories: New English Stories From Qu\u00e9bec<\/em>, edited by Claude Lalumi\u00e8re. Montr\u00e9al: V\u00e9hicule Press, 2002, 196-199.<\/p>\n<p>This short story received an Honourable Mention in the CBC Radio-Qu\u00e9bec Writers&#8217; Federation Short Story Contest of 2001-2002.<\/p>\n<\/div>\n<\/section>\n<section>\n<div class=\"narrow\"><\/div>\n<div class=\"wide\">\n<h3>Links<\/h3>\n<p><a href=\"http:\/\/napoleonpublishing.blogspot.com\/\">Napoleon Publishing<\/a> blog<\/p>\n<p>Publisher <a href=\"http:\/\/www.dundurn.com\/authors\/days_lee\">Dundurn Press <\/a><\/p>\n<p>Day&#8217;s Lee <a href=\"http:\/\/www.dayslee.ca\/\">personal website<\/a><\/p>\n<\/div>\n<\/section>\n","protected":false},"excerpt":{"rendered":"<p>Montreal native, Day&#8217;s Lee, helped out for many years at her family&#8217;s Chinese-Canadian restaurant. She is a freelance journalist and a graduate of Concordia University where she earned a BA in journalism and English literature. Her fictional works have appeared &hellip; <a href=\"https:\/\/library.torontomu.ca\/asianheritage\/authors\/lee_day\/\">Continue reading <span class=\"meta-nav\">&rarr;<\/span><\/a><\/p>\n","protected":false},"author":3,"featured_media":0,"parent":16,"menu_order":0,"comment_status":"closed","ping_status":"closed","template":"","meta":{"_acf_changed":false,"footnotes":""},"class_list":["post-473","page","type-page","status-publish","hentry"],"acf":[],"_links":{"self":[{"href":"https:\/\/library.torontomu.ca\/asianheritage\/wp-json\/wp\/v2\/pages\/473","targetHints":{"allow":["GET"]}}],"collection":[{"href":"https:\/\/library.torontomu.ca\/asianheritage\/wp-json\/wp\/v2\/pages"}],"about":[{"href":"https:\/\/library.torontomu.ca\/asianheritage\/wp-json\/wp\/v2\/types\/page"}],"author":[{"embeddable":true,"href":"https:\/\/library.torontomu.ca\/asianheritage\/wp-json\/wp\/v2\/users\/3"}],"replies":[{"embeddable":true,"href":"https:\/\/library.torontomu.ca\/asianheritage\/wp-json\/wp\/v2\/comments?post=473"}],"version-history":[{"count":10,"href":"https:\/\/library.torontomu.ca\/asianheritage\/wp-json\/wp\/v2\/pages\/473\/revisions"}],"predecessor-version":[{"id":18710,"href":"https:\/\/library.torontomu.ca\/asianheritage\/wp-json\/wp\/v2\/pages\/473\/revisions\/18710"}],"up":[{"embeddable":true,"href":"https:\/\/library.torontomu.ca\/asianheritage\/wp-json\/wp\/v2\/pages\/16"}],"wp:attachment":[{"href":"https:\/\/library.torontomu.ca\/asianheritage\/wp-json\/wp\/v2\/media?parent=473"}],"curies":[{"name":"wp","href":"https:\/\/api.w.org\/{rel}","templated":true}]}}