{"id":12935,"date":"2021-02-14T20:48:29","date_gmt":"2021-02-15T01:48:29","guid":{"rendered":"https:\/\/library.ryerson.ca\/asianheritage\/?page_id=12935"},"modified":"2024-07-24T11:04:18","modified_gmt":"2024-07-24T15:04:18","slug":"nayoung-jin","status":"publish","type":"page","link":"https:\/\/library.torontomu.ca\/asianheritage\/nayoung-jin\/","title":{"rendered":"Nayoung Jin"},"content":{"rendered":"\n<div class=\"wp-block-columns is-layout-flex wp-container-core-columns-is-layout-9d6595d7 wp-block-columns-is-layout-flex\">\n<div class=\"wp-block-column is-layout-flow wp-block-column-is-layout-flow\" style=\"flex-basis:33.33%\"><\/div>\n\n\n\n<div class=\"wp-block-column is-layout-flow wp-block-column-is-layout-flow\" style=\"flex-basis:66.66%\">\n<p>Nayoung Jin was born in Korea. She is enrolled in a BFA program in Creative Writing at the University of British Columbia.<\/p>\n<\/div>\n<\/div>\n\n\n\n<div class=\"wp-block-columns is-layout-flex wp-container-core-columns-is-layout-9d6595d7 wp-block-columns-is-layout-flex\">\n<div class=\"wp-block-column is-layout-flow wp-block-column-is-layout-flow\" style=\"flex-basis:33.33%\">\n<div class=\"wp-block-image\"><figure class=\"aligncenter size-large\"><img decoding=\"async\" width=\"153\" height=\"218\" data-src=\"https:\/\/library.torontomu.ca\/asianheritage\/files\/2021\/02\/Shooting-Star-Rider-book-cover.jpg\" alt=\"\" class=\"wp-image-12936 lazyload\" data-srcset=\"https:\/\/library.torontomu.ca\/asianheritage\/files\/2021\/02\/Shooting-Star-Rider-book-cover.jpg 153w, https:\/\/library.torontomu.ca\/asianheritage\/files\/2021\/02\/Shooting-Star-Rider-book-cover-105x150.jpg 105w\" data-sizes=\"(max-width: 153px) 100vw, 153px\" src=\"data:image\/svg+xml;base64,PHN2ZyB3aWR0aD0iMSIgaGVpZ2h0PSIxIiB4bWxucz0iaHR0cDovL3d3dy53My5vcmcvMjAwMC9zdmciPjwvc3ZnPg==\" style=\"--smush-placeholder-width: 153px; --smush-placeholder-aspect-ratio: 153\/218;\" \/><\/figure><\/div>\n<\/div>\n\n\n\n<div class=\"wp-block-column is-layout-flow wp-block-column-is-layout-flow\" style=\"flex-basis:66.66%\">\n<h2 class=\"wp-block-heading\">Fiction (Juvenile, Picture book)<\/h2>\n\n\n\n<h2 class=\"wp-block-heading\">Shooting Star Rider<\/h2>\n\n\n\n<p>Illustrated by Genevi\u00e8ve C\u00f4t\u00e9.<br>Vancouver: Simply Read Books, 2017.<\/p>\n\n\n\n<h4 class=\"wp-block-heading\">Publisher&#8217;s Synopsis (From its website)<\/h4>\n\n\n\n<p>&#8220;Make Granda well,&#8221; Elinor wishes. She waits and waits for her wish to come<br>true. Then, one morning, she receives a postcard\u2014from a shooting star! Instead of<br>granting her wish, however, the star tells her not to wait for miracles from shooting stars anymore. Outraged, Elinor sets out to change the shooting stars\u2019 minds, embarking on an adventure that leads her to the far reaches of outer space. Can she convince the stars that granting wishes is their most important job of all?<\/p>\n\n\n\n<p>This imaginative picture book from debut author Nayoung Jin reminds us just how important hopes and dreams can be.<\/p>\n<\/div>\n<\/div>\n\n\n\n<div class=\"wp-block-columns is-layout-flex wp-container-core-columns-is-layout-9d6595d7 wp-block-columns-is-layout-flex\">\n<div class=\"wp-block-column is-layout-flow wp-block-column-is-layout-flow\" style=\"flex-basis:33.33%\"><\/div>\n\n\n\n<div class=\"wp-block-column is-layout-flow wp-block-column-is-layout-flow\" style=\"flex-basis:66.66%\">\n<h2 class=\"wp-block-heading\">Links<\/h2>\n\n\n\n<p>Publisher <a href=\"https:\/\/www.simplyreadbooks.com\">Simply Read Books<\/a><\/p>\n<\/div>\n<\/div>\n","protected":false},"excerpt":{"rendered":"<p>Nayoung Jin was born in Korea. She is enrolled in a BFA program in Creative Writing at the University of British Columbia. Fiction (Juvenile, Picture book) Shooting Star Rider Illustrated by Genevi\u00e8ve C\u00f4t\u00e9.Vancouver: Simply Read Books, 2017. Publisher&#8217;s Synopsis (From &hellip; <a href=\"https:\/\/library.torontomu.ca\/asianheritage\/nayoung-jin\/\">Continue reading <span class=\"meta-nav\">&rarr;<\/span><\/a><\/p>\n","protected":false},"author":11,"featured_media":0,"parent":0,"menu_order":93,"comment_status":"closed","ping_status":"closed","template":"","meta":{"_acf_changed":false,"footnotes":""},"class_list":["post-12935","page","type-page","status-publish","hentry"],"acf":[],"_links":{"self":[{"href":"https:\/\/library.torontomu.ca\/asianheritage\/wp-json\/wp\/v2\/pages\/12935","targetHints":{"allow":["GET"]}}],"collection":[{"href":"https:\/\/library.torontomu.ca\/asianheritage\/wp-json\/wp\/v2\/pages"}],"about":[{"href":"https:\/\/library.torontomu.ca\/asianheritage\/wp-json\/wp\/v2\/types\/page"}],"author":[{"embeddable":true,"href":"https:\/\/library.torontomu.ca\/asianheritage\/wp-json\/wp\/v2\/users\/11"}],"replies":[{"embeddable":true,"href":"https:\/\/library.torontomu.ca\/asianheritage\/wp-json\/wp\/v2\/comments?post=12935"}],"version-history":[{"count":2,"href":"https:\/\/library.torontomu.ca\/asianheritage\/wp-json\/wp\/v2\/pages\/12935\/revisions"}],"predecessor-version":[{"id":12972,"href":"https:\/\/library.torontomu.ca\/asianheritage\/wp-json\/wp\/v2\/pages\/12935\/revisions\/12972"}],"wp:attachment":[{"href":"https:\/\/library.torontomu.ca\/asianheritage\/wp-json\/wp\/v2\/media?parent=12935"}],"curies":[{"name":"wp","href":"https:\/\/api.w.org\/{rel}","templated":true}]}}